 + 20 = 0, g*d + 0*p - 8 = 2*p. Give y(d).
2
Let q(r) = 7 + 0*r + 2*r - 3*r - 4. Let a = 1 + -1. Determine q(a).
3
Let d(p) = -4 - 2*p**2 + p**3 + 0*p**2 - 3*p**3 + p**3. Let g(c) = c - 3. Let w be g(0). Determine d(w).
5
Suppose f = 5*p + 1 - 22, -5*p - 2*f + 18 = 0. Let u = p + -2. Let q(c) = 7 - c - 3*c**2 + 7*c**u + c**3 - 3*c**2. What is q(0)?
7
Let q(r) = -r**2 - 6*r + 3. Let s be q(-3). Let d = -7 + s. Let w(c) = c**2 - 3*c. Determine w(d).
10
Suppose -5*t - 5*a + 4 = -1, 4*a + 6 = t. Let g(y) be the third derivative of -1/3*y**3 + 0*y + y**2 + 1/120*y**6 + 0*y**5 + 0 + 0*y**4. Calculate g(t).
6
Let k(l) be the third derivative of -l**5/30 + l**4/8 + 2*l**3/3 - 6*l**2. Suppose 3*r + 24 = 3*f, -4*r = 5*f + 8 - 3. Give k(f).
-5
Let o(a) = -6*a - 2. Let p = 116 + -114. Determine o(p).
-14
Suppose 2*s - 4*s = 3*l - 9, 2*s - 4*l + 12 = 0. Let h = -1 - s. Let x(n) = -6*n**2 + n + 3*n**2 + 3 - 2. What is x(h)?
-3
Let j(r) = r + 5. Suppose 8 + 0 = -2*v, -4*v + 22 = 2*o. Let u = -22 + o. Determine j(u).
2
Let y(q) = q. Let n(v) = v**2 + 4*v - 4. Let z be n(-5). Let f = 1 + z. Let c be y(f). Let p(m) = -3*m**2 + 2*m - 1. Determine p(c).
-9
Let u(s) = 3*s**2 - 46*s + 59. Let g be u(14). Let p(l) = 3 + 4*l - 5*l**2 + l**3 - l + 0*l. What is p(g)?
-6
Let i(c) = 4 + 15*c - 13*c - 3. What is i(-1)?
-1
Let f(b) = b**3 - 5*b**2 + 6*b - 3. Let d(q) = 6*q + q**3 - 7*q**2 + 3 - 1 + 0. Let k be d(6). Suppose 3*r = 2*p + k, -4*r = -2*p - 0*p - 6. What is f(r)?
5
Let h(w) = 3*w**3 + 10*w**2 - 5*w + 9. Let m(t) = 4*t**3 + 15*t**2 - 8*t + 13. Let d(z) = 7*h(z) - 5*m(z). Give d(3).
-5
Let h(l) = l**2 - 8*l + 15. Let t(w) = w**2 - 7*w + 16. Let r(x) = -4*h(x) + 3*t(x). What is r(9)?
6
Let a(s) = -s**2 + 2*s - 2. Let p be (0 + -1)/((-1)/12). Let o = p - 8. What is a(o)?
-10
Let n(t) = t**3 + 4*t**2 - 2*t - 2. Let y be n(-4). Let j(g) = g - 8. Give j(y).
-2
Let m(n) be the first derivative of -n**3/3 + n**2 + n + 7. Determine m(3).
-2
Let v(f) = f - 4. Let t = -67 - -72. Give v(t).
1
Let o(t) = t**3 - 3*t**2 + 3*t - 1. Let i be o(2). Suppose 3*x - 2 - 7 = 0. Let u be x/(((-3)/2)/i). Let c(l) = l + 1. Determine c(u).
-1
Let n = 19 - 7. Let v be (n - 0)/(-3)*1. Let q(f) = -f**3 - 4*f**2 + f - 4. Determine q(v).
-8
Let r(x) be the first derivative of x**6/360 + x**5/120 - x**4/12 + x**3/3 + 1. Let a(v) be the third derivative of r(v). Calculate a(0).
-2
Let f(g) = 11*g + 8*g - 25*g + 8*g. Suppose 0 = -4*u + 4*q - 12, 2*q + 12 = -0*u - 4*u. Calculate f(u).
-6
Let t = 10 - 4. Let w(y) = -2 + 9 + 0*y + 4*y - 6*y. Determine w(t).
-5
Let a(r) be the third derivative of r**5/60 - r**4/24 - 2*r**3/3 + 13*r**2. Suppose -2*p = p - 12. Calculate a(p).
8
Let u(o) = -3*o**3 - 4*o**2 + 3*o. Let t(h) be the first derivative of -h**4 - 4*h**3/3 + 3*h**2/2 + 1. Let c(x) = 4*t(x) - 5*u(x). Determine c(3).
0
Let x(q) = 7*q**2. Let p(d) = -2*d**3 - 7*d**2 - 3*d - 1. Let u be p(-3). What is x(u)?
7
Let m(w) be the third derivative of w**6/360 - w**5/60 - w**3/6 + 3*w**2. Let z(j) be the first derivative of m(j). What is z(2)?
0
Suppose -4 = 6*z - 4*z. Let h be 1*(-1 + (-4)/z). Let d(n) = 6*n. Determine d(h).
6
Let h(d) = -4 + d + 0*d + 15*d**3 + 3*d**2 - 14*d**3. Let c be (-8)/3 - (-2)/(-6). Calculate h(c).
-7
Let n(z) = 4*z + 1. Let r be (-24)/(-9)*-2 + (-11)/(-33). Calculate n(r).
-19
Let r(s) = s**2 - 1. Let z(n) = 4*n**2 - n. Let y(v) = -3*r(v) + z(v). What is y(3)?
9
Let n(w) = -w**2 - 6*w. Let z(o) = o**2 + 6*o + 5. Let j be z(-4). Calculate n(j).
9
Let t(s) = -s**3. Suppose 0 = a + 5 - 0, -3*n = -2*a - 22. Suppose -n*b - 3*z - 11 = 0, b + 3*z - 3 = 8*z. Let j be 0 + (1 - 1) + b. What is t(j)?
8
Let z(f) = -6*f**2 + 3*f - 1. Let l(v) be the second derivative of 5*v**4/12 - v**3/2 + v**2/2 + 4*v. Let q(c) = -7*l(c) - 6*z(c). Determine q(2).
9
Let i(z) = -4*z**2 - 3*z - 2. Suppose -3*w - 4 = 2*m, 5*m = w - 0 + 7. What is i(w)?
-12
Let n(m) = -3*m - 1. Let y(t) = t**3 - 7*t**2 + 8*t - 4. Let k be y(6). Let r = k + -7. Give n(r).
-4
Let h(d) be the first derivative of 4*d**3/3 + d**2/2 + d - 4. Let f be h(-1). Let i(l) = 2*l - f*l - l**2 + 3*l**2. What is i(2)?
4
Let l(r) = r**3 - 7*r**2 + 8*r - 2. Let t(i) = i**3 - 4*i**2 + 5*i. Let y be t(3). What is l(y)?
10
Let x(u) = u**2 + 6*u + 1. Let m = -16 - -11. Give x(m).
-4
Suppose 3*f - 16 = 14. Let y = f + -5. Let j(q) = -3*q**2 - 4*q + 4*q**2 + 4 - 3*q + 0*q**2. What is j(y)?
-6
Let z(m) = -3*m**2 + 2*m - 2. Let b = -8 + 13. Suppose 4*w - b*w + 2 = 0. What is z(w)?
-10
Let d(h) be the first derivative of -h**3/3 + h**2/2 + h - 3. Give d(-1).
-1
Let g(y) = -2*y**3 - y**2 + 3*y + 2. Suppose -51*h = -47*h + 8. What is g(h)?
8
Suppose -18 = 4*q + 3*l, 5*q = 2*q - l - 16. Let g be (4/(-6))/((-1)/q). Let v(j) be the third derivative of -j**4/24 - 4*j**2. Give v(g).
4
Let x(h) = h - 2. Let b(g) = -g - 7. Suppose 0 = 2*a + 2*a + 20. Let l be b(a). Give x(l).
-4
Let y be 0 + -2 + (-8)/4. Let f(z) = -5*z**2 + 11*z - 10. Let k(x) = -14*x**2 + 3*x**2 + 23*x - 9 - 12. Let l(u) = y*k(u) + 9*f(u). Give l(5).
4
Let z(x) = 2*x - 2. Let r(f) = 5*f - 4. Let m(g) = 3*r(g) - 7*z(g). Give m(2).
4
Let y(h) = h**2 - 3*h - 3. Let c be y(-3). Suppose c = 3*z + 3. Suppose z*o = -o + 2*r - 10, -2*o + r = 5. Let n(x) = -x**2 - 2. Determine n(o).
-2
Suppose 3*z + 18 = 2*u - 0*z, -4*z = 5*u - 91. Let h = -21 + u. Let p(i) = i**2 + 7*i + 9. Give p(h).
3
Suppose -4*t + 3 + 5 = 0. Let h(f) = -31*f**2 - 3*f - 2*f + 34*f**2 + t*f - f**3 + 2. What is h(3)?
-7
Let o(w) = w**3 - 5*w**2 + 2*w + 4. Let h = 33 + -30. Give o(h).
-8
Let u = 1 - -2. Let h(t) = u*t - t + 7 - 4*t + 3*t. Give h(-5).
2
Let v(t) = t**2 + 4*t + 3. Suppose 5*o = -14 + 44. Suppose -4*d + 4 = -5*h, -o = 2*h + d + 6. Let f be 6/((-2)/(h/(-3))). Calculate v(f).
3
Let p(s) be the first derivative of -s**4/4 + 5*s**3/3 + 4*s**2 - 7*s - 6. Give p(6).
5
Suppose 0 = 3*t + t - 16. Suppose -s - t*c = -8, 5*s - 4*c + 29 = -c. Let b(h) = 1 + 1 + 4*h + h**2 - 5. Give b(s).
-3
Let p(j) = -7*j**2 + 2*j + 1. Let s = -53 - -52. Determine p(s).
-8
Let n(r) = 0*r**3 - 5 + 2*r**2 - r**3 + 14*r + 0*r**3 - 7*r. What is n(4)?
-9
Let n(s) = s**2 - 10*s - 4. Suppose -7 = 11*y - 128. What is n(y)?
7
Let i(t) be the second derivative of t**4/3 + t**3 - 5*t**2/2 + t. Let b(s) = 0*s**2 + s**2 + 0*s**2. Let a(q) = 5*b(q) - i(q). Calculate a(4).
-3
Let g(n) be the first derivative of -n**2/2 - 2*n + 2. Let b be g(3). Let l(q) be the first derivative of q**2/2 - q + 1. Calculate l(b).
-6
Let r be 3 + (1 - 15/3). Let d(j) = -11*j - 1. What is d(r)?
10
Let q(l) = -l**2 + 6*l + 6. Suppose 104 = 4*h + n + 44, -3*h = -4*n - 26. Let i = h + -8. What is q(i)?
6
Let p(z) = -z**2 - 4. Let f be p(0). Let w(c) = c**3 - c + 1. Let i(m) = 4*m**3 - 2*m**2 + 2*m + 10. Let v(s) = -i(s) + 5*w(s). Give v(f).
-9
Let i(x) = x**2 + 1. Let j(q) = 3*q. Let o be j(1). Let a(z) = -z**3 - 2*z**2 + z - 2. Let l(p) = o*i(p) + a(p). What is l(-1)?
2
Suppose 3*v + 4 = 4*v. Let d(r) = 8*r - 3. Let l be -1 - -3 - (4 - 8). Let f(k) = -7*k + 3. Let w(y) = l*d(y) + 7*f(y). What is w(v)?
-1
Let n(h) = 3*h - 3. Let w(q) be the second derivative of 0 + q + 4*q**2 + 1/6*q**3. Let f be w(-6). Give n(f).
3
Suppose 3*b - w = 12, b - 4*w - 3 = 1. Let q(n) = 6*n + 1 - 2*n + n - b*n. Give q(-1).
0
Suppose -1 = 3*w + 5. Let s be (9 - 1)*1/w. Let n(y) be the third derivative of y**6/120 + y**5/15 + y**4/8 + 2*y**3/3 + y**2. Calculate n(s).
-8
Let b(r) = -14*r**3 + 6*r**2 - r + 5. Let k(u) = 15*u**3 - 7*u**2 + u - 6. Let j(x) = 6*b(x) + 5*k(x). Let w(i) = i**2 + i + 1. Let z be w(-1). Determine j(z).
-9
Let o(a) = a**2 - 3*a + 1. Let l(v) = -v**3 + 8*v**2 - 7*v + 2. Let j be l(7). Let f = -2 + j. Suppose 4*t + f*t - 12 = 0. Give o(t).
1
Let u(q) = q**3 - 3*q**2 - 3*q - 1. Let m be u(4). Let s(n) = n - 6*n - n**2 + m + 4*n. Give s(3).
-9
Let x(q) = 5*q**3 - 3*q**2 + 3*q - 2. Let s(n) = 4*n**3 - 3*n**2 + 3*n - 1. Let l(o) = 2*o + 8. Let t be l(-7). Let v(h) = t*s(h) + 5*x(h). What is v(-4)?
-8
Let m = 10 - 8. Suppose 5*k + 17 = -p, k + 2 + 5 = -m*p. Let n(l) = 3*l + 3. Give n(p).
-3
Suppose -5*v - 22 = -2*d - d, -v + 3*d = 14. Let y be 4*((-34)/8 - v). Let o = 13 + y. Let i(n) = 2*n. Give i(o).
8
Let w(b) = -6*b**2 - 5*b + 2. Let y(s) = 5*s**2 + 5*s - 2. Let a(m) = -4*w(m) - 5*y(m